{"id":1385,"date":"2025-12-18T20:48:19","date_gmt":"2025-12-18T19:48:19","guid":{"rendered":"https:\/\/kolekniewiary.pl\/?page_id=1385"},"modified":"2026-03-02T07:39:00","modified_gmt":"2026-03-02T06:39:00","slug":"proza","status":"publish","type":"page","link":"https:\/\/kolekniewiary.pl\/?page_id=1385","title":{"rendered":"Bibliografia"},"content":{"rendered":"\n<h2 class=\"wp-block-heading\">Opowiadania:<\/h2>\n\n\n\n<figure class=\"wp-block-table\"><table><thead><tr><th><strong>Tytu\u0142<\/strong><\/th><th><strong>Gdzie<\/strong><\/th><th><strong>Wydawnictwo<\/strong><\/th><th><strong>Rok<\/strong><\/th><th><strong>ISBN\/ISSN<\/strong><\/th><\/tr><\/thead><tbody><tr><td><a href=\"https:\/\/magazyn.bialykruk.org\/wp-content\/uploads\/2025\/09\/magazyn_bialy_kruk_-_31_kwiecien_-_czerwiec.pdf\">Ostatnia zima<\/a><\/td><td>Magazyn Bia\u0142y Kruk #31<\/td><td>Klub Mi\u0142o\u015bnik\u00f3w Fantastyki \u201eBia\u0142y Kruk\u201d<\/td><td class=\"has-text-align-right\" data-align=\"right\">2025<\/td><td>2544-6304<\/td><\/tr><tr><td><a href=\"https:\/\/www.nexto.pl\/e-prasa\/nowa_fantastyka-12_2025_i1700722.xml\">Demon pod murami Jerozolimy<\/a><\/td><td>Nowa Fantastyka #519<\/td><td>Pr\u00f3szy\u0144ski i S-ka<\/td><td class=\"has-text-align-right\" data-align=\"right\">2025<\/td><td>0867-132X<\/td><\/tr><tr><td><a href=\"https:\/\/ofka.okffenix.pl\/download\/ofka-19-melodie\/\">Wy\u015blijcie wi\u0119cej Chucka<\/a><\/td><td>O!Fka #19<\/td><td>Opolski Klub Fantastyki Fenix<\/td><td class=\"has-text-align-right\" data-align=\"right\">2025<\/td><td>2719-9746<\/td><\/tr><tr><td><a href=\"https:\/\/drive.google.com\/file\/d\/1pKZE5Srx3h3c7qpbedSKV7lf-u1CITJJ\/view\">Drugie naj\u015bcie d\u017cungli<\/a><\/td><td>Przestrzenie pomi\u0119dzy \u015bwiatami<\/td><td>Fundacja iAtelier<\/td><td>2026<\/td><td>978-83-968765-0-8<\/td><\/tr><tr><td><a href=\"https:\/\/www.grupawydawniczaalpaka.pl\/download\/mlem-15\/\">Przesy\u0142ka<\/a><\/td><td>Mlem! #15<\/td><td>Grupa wydawnicza Alpaka<\/td><td>2026<\/td><td>2720-3204<\/td><\/tr><\/tbody><\/table><\/figure>\n\n\n\n<h2 class=\"wp-block-heading\">Artyku\u0142y:<\/h2>\n\n\n\n<figure class=\"wp-block-table\"><table><thead><tr><th><strong>Tytu\u0142<\/strong><\/th><th><strong>Gdzie<\/strong><\/th><th><strong>Wydawnictwo<\/strong><\/th><th><strong>Rok<\/strong><\/th><th><strong>ISBN\/ISSN<\/strong><\/th><\/tr><\/thead><tbody><tr><td><a href=\"https:\/\/wydawnictwo.sbp.pl\/bibliotekarz-12-2024,65,349.html\">Biblioteka Stowarzyszenia Avangarda<\/a><\/td><td>Bibliotekarz 12\/2024<\/td><td>Stowarzyszenie Bibliotekarzy Polskich<\/td><td>2024<\/td><td>0208-4333<\/td><\/tr><tr><td><a href=\"https:\/\/emarginacje.pl\/wp-content\/uploads\/2025\/09\/Emarginacje-tom-1.pdf\">Ksiuty z fantastyk\u0105: Wsz\u0119dzie lebiegi<\/a><\/td><td>Emarginacje 1<\/td><td>Fundacja iAtelier<\/td><td class=\"has-text-align-right\" data-align=\"right\">2025<\/td><td>978-83-967313-3-3<\/td><\/tr><\/tbody><\/table><\/figure>\n\n\n\n<h2 class=\"wp-block-heading\">Systemy RPG:<\/h2>\n\n\n\n<figure class=\"wp-block-table\"><table><thead><tr><th><strong>Tytu\u0142<\/strong><\/th><th><strong>Rok<\/strong><\/th><th><strong>ISBN<\/strong><\/th><\/tr><\/thead><tbody><tr><td><a href=\"https:\/\/kolekniewiary.itch.io\/podmiecy\">Podmie\u0144cy<\/a><\/td><td>2021<\/td><td><\/td><\/tr><tr><td><a href=\"https:\/\/kolekniewiary.itch.io\/changelings\">Changelings<\/a><\/td><td>2022<\/td><td><\/td><\/tr><tr><td><a href=\"https:\/\/kolekniewiary.itch.io\/disneyland-musi-upasc\">Disneyland musi upa\u015b\u0107<\/a><\/td><td>2025<\/td><td><\/td><\/tr><tr><td><a href=\"https:\/\/kolekniewiary.itch.io\/hajda\">Hajda!<\/a><\/td><td>2025<\/td><td>978-83-968796-2-2<\/td><\/tr><\/tbody><\/table><\/figure>\n\n\n\n<h2 class=\"wp-block-heading\">Modu\u0142y RPG:<\/h2>\n\n\n\n<figure class=\"wp-block-table\"><table class=\"has-fixed-layout\"><thead><tr><th><strong>Tytu\u0142<\/strong><\/th><th><strong>Rodzaj<\/strong><\/th><th><strong>Przeznaczenie<\/strong><\/th><th><strong>Rok<\/strong><\/th><th><strong>ISBN\/ISSN<\/strong><\/th><\/tr><\/thead><tbody><tr><td><a href=\"https:\/\/www.quentinrpg.pl\/?page_id=3796\">Szyszynka grozy<\/a><\/td><td>Scenariusz<\/td><td>Shadowrun anarchy<\/td><td>2018<\/td><td><\/td><\/tr><tr><td><a href=\"https:\/\/www.quentinrpg.pl\/?page_id=4280\">Odkupienie<\/a><\/td><td>Scenariusz<\/td><td>Coriolis<\/td><td>2019<\/td><td><\/td><\/tr><tr><td><a href=\"https:\/\/www.dmsguild.com\/en\/product\/301970\/serce-smoka\">Serce smoka<\/a><\/td><td>Scenariusz<\/td><td>DnD 5e<\/td><td>2020<\/td><td><\/td><\/tr><tr><td><a href=\"https:\/\/kolekniewiary.itch.io\/dwr-czarnego-gnoma\">Dw\u00f3r czarnego gnoma<\/a><\/td><td>Modu\u0142<\/td><td>Mork Borg<\/td><td>2020<\/td><td><\/td><\/tr><tr><td><a href=\"https:\/\/www.dmsguild.com\/en\/product\/346622\/skarbiec-al-asturlabi\">Skarbiec al-Asturlabi<\/a><\/td><td>Modu\u0142<\/td><td>DnD 5e<\/td><td>2021<\/td><td><\/td><\/tr><tr><td><a href=\"https:\/\/www.drivethrurpg.com\/en\/product\/358718\/polish-i-dolina-czerwienia-splynela\">I dolina czerwieni\u0105 sp\u0142yn\u0119\u0142a<\/a><\/td><td>Modu\u0142<\/td><td>Pulp Chtulhu<\/td><td>2021<\/td><td><\/td><\/tr><tr><td><a href=\"https:\/\/kolekniewiary.itch.io\/w-oku-patrzcego\">W oku patrz\u0105cego<\/a><\/td><td>Tajemnica<\/td><td>Potw\u00f3r tygodnia<\/td><td>2021<\/td><td><\/td><\/tr><tr><td><a href=\"https:\/\/kolekniewiary.itch.io\/ksiga-sztormw\">Ksi\u0119ga sztorm\u00f3w vol. 1<\/a><\/td><td>Zasady dodatkowe<\/td><td>DnD 5e<\/td><td>2022<\/td><td><\/td><\/tr><tr><td><a href=\"https:\/\/kolekniewiary.itch.io\/dziewita-fala\">Dziewi\u0105ta Fala<\/a><\/td><td>Modu\u0142<\/td><td>DnD 5e<\/td><td>2022<\/td><td><\/td><\/tr><tr><td><a href=\"https:\/\/kolekniewiary.itch.io\/minor-chest-of-major-nerdery\">Minor Chest of Major Nerdery<\/a><\/td><td>Materia\u0142y dodatkowe<\/td><td>DnD 5e<\/td><td>2023<\/td><td><\/td><\/tr><tr><td><a href=\"https:\/\/kolekniewiary.itch.io\/akuratne-anomalie-archikonfraterki-adelajdy-anormalnej\">Akuratne Anomalie Archikonfraterki Adelajdy Anormalnej<\/a><\/td><td>Modu\u0142<\/td><td>Durf<\/td><td>2023<\/td><td><\/td><\/tr><tr><td><a href=\"https:\/\/kolekniewiary.itch.io\/grobowiec-krwi\">Grobowiec krwi<\/a><\/td><td>Modu\u0142<\/td><td>DnD 5e<\/td><td>2024<\/td><td>978-83-968796-0-8<\/td><\/tr><\/tbody><\/table><\/figure>\n\n\n\n<p><\/p>\n","protected":false},"excerpt":{"rendered":"<p>Opowiadania: Tytu\u0142 Gdzie Wydawnictwo Rok ISBN\/ISSN Ostatnia zima Magazyn Bia\u0142y Kruk #31 Klub Mi\u0142o\u015bnik\u00f3w Fantastyki \u201eBia\u0142y Kruk\u201d 2025 2544-6304 Demon pod murami Jerozolimy Nowa Fantastyka #519 Pr\u00f3szy\u0144ski i S-ka 2025 0867-132X Wy\u015blijcie wi\u0119cej Chucka O!Fka #19 Opolski Klub Fantastyki Fenix 2025 2719-9746 Drugie naj\u015bcie d\u017cungli Przestrzenie pomi\u0119dzy \u015bwiatami Fundacja iAtelier 2026 978-83-968765-0-8 Przesy\u0142ka Mlem! #15 [&hellip;]<\/p>\n","protected":false},"author":1,"featured_media":0,"parent":0,"menu_order":0,"comment_status":"closed","ping_status":"closed","template":"","meta":{"footnotes":""},"class_list":["post-1385","page","type-page","status-publish","hentry"],"_links":{"self":[{"href":"https:\/\/kolekniewiary.pl\/index.php?rest_route=\/wp\/v2\/pages\/1385","targetHints":{"allow":["GET"]}}],"collection":[{"href":"https:\/\/kolekniewiary.pl\/index.php?rest_route=\/wp\/v2\/pages"}],"about":[{"href":"https:\/\/kolekniewiary.pl\/index.php?rest_route=\/wp\/v2\/types\/page"}],"author":[{"embeddable":true,"href":"https:\/\/kolekniewiary.pl\/index.php?rest_route=\/wp\/v2\/users\/1"}],"replies":[{"embeddable":true,"href":"https:\/\/kolekniewiary.pl\/index.php?rest_route=%2Fwp%2Fv2%2Fcomments&post=1385"}],"version-history":[{"count":11,"href":"https:\/\/kolekniewiary.pl\/index.php?rest_route=\/wp\/v2\/pages\/1385\/revisions"}],"predecessor-version":[{"id":1418,"href":"https:\/\/kolekniewiary.pl\/index.php?rest_route=\/wp\/v2\/pages\/1385\/revisions\/1418"}],"wp:attachment":[{"href":"https:\/\/kolekniewiary.pl\/index.php?rest_route=%2Fwp%2Fv2%2Fmedia&parent=1385"}],"curies":[{"name":"wp","href":"https:\/\/api.w.org\/{rel}","templated":true}]}}