{"id":2,"date":"2020-12-02T14:20:36","date_gmt":"2020-12-02T14:20:36","guid":{"rendered":"https:\/\/kolekniewiary.pl\/?page_id=2"},"modified":"2020-12-20T17:53:36","modified_gmt":"2020-12-20T17:53:36","slug":"sample-page","status":"publish","type":"page","link":"https:\/\/kolekniewiary.pl\/?page_id=2","title":{"rendered":"O Ko\u0142ku Niewiary"},"content":{"rendered":"\n<p>Nazywam si\u0119 Kurczak i pisze tu o\u00a0erpegach. Na Ko\u0142ku publikuje g\u0142\u00f3wnie recenzj\u0119 scenariuszy, systemy i inne dodatki. Od 2019 pisa\u0142em na\u00a0fejsie, ale powoli przestaje si\u0119 tam mie\u015bci\u0107.<\/p>\n\n\n\n<p><strong>Dlaczego ko\u0142ek niewiary?<br><\/strong>\u017beby mo\u017cna by\u0142o j\u0105 gdzie\u015b powiesi\u0107 i pozbywszy si\u0119 zb\u0119dnego ci\u0119\u017caru wyruszy\u0107 na szlaki Zapomnianych Krain, do\u0142\u0105czy\u0107 do Muad&#8217;Diba na pustynnej Arrakis czy przemyka\u0107 si\u0119 nocnymi ulicami Chicago \u015bledz\u0105c lokalnego nosferata.<\/p>\n\n\n\n<p>Dzia\u0142am w Stowarzyszeniu&nbsp;Avangarda, gdzie m.in&nbsp;robie w wydawnictwie \u201eGoblin drukarski\u201d. Od zwyci\u0119stwa zasiadam te\u017c w kapitule Konkursu Quentin. Pomaga\u0142em troch\u0119 przy organizacji&nbsp;Zjavy, Bazyla i&nbsp;Konline-u. Od czasu do czasu zdarza mi si\u0119 te\u017c wyda\u0107 jaki\u015b w\u0142asny materia\u0142&nbsp;erpegowy.<\/p>\n\n\n\n<figure class=\"wp-block-image size-large\"><img loading=\"lazy\" decoding=\"async\" width=\"768\" height=\"1024\" src=\"https:\/\/kolekniewiary.pl\/wp-content\/uploads\/2020\/12\/portret-768x1024.jpg\" alt=\"\" class=\"wp-image-384\" srcset=\"https:\/\/kolekniewiary.pl\/wp-content\/uploads\/2020\/12\/portret-768x1024.jpg 768w, https:\/\/kolekniewiary.pl\/wp-content\/uploads\/2020\/12\/portret-225x300.jpg 225w, https:\/\/kolekniewiary.pl\/wp-content\/uploads\/2020\/12\/portret-900x1200.jpg 900w, https:\/\/kolekniewiary.pl\/wp-content\/uploads\/2020\/12\/portret.jpg 965w\" sizes=\"auto, (max-width: 768px) 100vw, 768px\" \/><\/figure>\n","protected":false},"excerpt":{"rendered":"<p>Nazywam si\u0119 Kurczak i pisze tu o\u00a0erpegach. Na Ko\u0142ku publikuje g\u0142\u00f3wnie recenzj\u0119 scenariuszy, systemy i inne dodatki. Od 2019 pisa\u0142em na\u00a0fejsie, ale powoli przestaje si\u0119 tam mie\u015bci\u0107. Dlaczego ko\u0142ek niewiary?\u017beby mo\u017cna by\u0142o j\u0105 gdzie\u015b powiesi\u0107 i pozbywszy si\u0119 zb\u0119dnego ci\u0119\u017caru wyruszy\u0107 na szlaki Zapomnianych Krain, do\u0142\u0105czy\u0107 do Muad&#8217;Diba na pustynnej Arrakis czy przemyka\u0107 si\u0119 nocnymi [&hellip;]<\/p>\n","protected":false},"author":1,"featured_media":0,"parent":0,"menu_order":0,"comment_status":"closed","ping_status":"open","template":"","meta":{"footnotes":""},"class_list":["post-2","page","type-page","status-publish","hentry"],"_links":{"self":[{"href":"https:\/\/kolekniewiary.pl\/index.php?rest_route=\/wp\/v2\/pages\/2","targetHints":{"allow":["GET"]}}],"collection":[{"href":"https:\/\/kolekniewiary.pl\/index.php?rest_route=\/wp\/v2\/pages"}],"about":[{"href":"https:\/\/kolekniewiary.pl\/index.php?rest_route=\/wp\/v2\/types\/page"}],"author":[{"embeddable":true,"href":"https:\/\/kolekniewiary.pl\/index.php?rest_route=\/wp\/v2\/users\/1"}],"replies":[{"embeddable":true,"href":"https:\/\/kolekniewiary.pl\/index.php?rest_route=%2Fwp%2Fv2%2Fcomments&post=2"}],"version-history":[{"count":4,"href":"https:\/\/kolekniewiary.pl\/index.php?rest_route=\/wp\/v2\/pages\/2\/revisions"}],"predecessor-version":[{"id":411,"href":"https:\/\/kolekniewiary.pl\/index.php?rest_route=\/wp\/v2\/pages\/2\/revisions\/411"}],"wp:attachment":[{"href":"https:\/\/kolekniewiary.pl\/index.php?rest_route=%2Fwp%2Fv2%2Fmedia&parent=2"}],"curies":[{"name":"wp","href":"https:\/\/api.w.org\/{rel}","templated":true}]}}